me number?
True
Is 175765643 composite?
True
Is 324302613 prime?
False
Is 6852577 prime?
False
Is 36139 composite?
True
Is 2105245 a prime number?
False
Is 100632071 prime?
True
Is 8412221 a prime number?
True
Is 12595813 a prime number?
True
Is 3600701 prime?
False
Is 33416057 prime?
False
Is 4702273 a prime number?
False
Is 6784631 prime?
False
Is 18081067 prime?
False
Is 1749833 prime?
True
Is 119561665 a composite number?
True
Is 86937223 composite?
False
Is 5476169 composite?
False
Is 3985 composite?
True
Is 3609191 prime?
True
Is 4911721 a composite number?
False
Is 173533 composite?
True
Is 834392503 prime?
False
Is 140310121 a prime number?
False
Is 12802709 composite?
False
Is 172682893 a composite number?
False
Is 697259 a composite number?
False
Is 14792027 a composite number?
True
Is 19833167 composite?
False
Is 24359537 a composite number?
False
Is 121176787 a prime number?
False
Is 103916821 a composite number?
True
Is 6916769 prime?
True
Is 20491109 a prime number?
True
Is 651265 composite?
True
Is 317294041 composite?
True
Is 300806809 composite?
True
Is 22117129 prime?
False
Is 1103315 prime?
False
Is 619036631 composite?
True
Is 110364869 a prime number?
False
Is 39263621 a prime number?
False
Is 318629 a prime number?
True
Is 171456797 composite?
False
Is 23633081 composite?
True
Is 39002783 a composite number?
False
Is 5411611 a prime number?
False
Is 10389407 composite?
True
Is 49070389 prime?
True
Is 121302427 a prime number?
True
Is 41436161 a composite number?
True
Is 1256303 composite?
False
Is 206752279 composite?
True
Is 13397927 a prime number?
False
Is 13464651 composite?
True
Is 16838447 a prime number?
True
Is 6163091 a composite number?
True
Is 69120901 prime?
True
Is 22553819 a prime number?
True
Is 31051247 composite?
False
Is 408694453 prime?
True
Is 1346671 prime?
False
Is 1404059 a prime number?
True
Is 36833435 composite?
True
Is 58103971 a prime number?
True
Is 1603601 composite?
False
Is 12856813 a prime number?
True
Is 20020799 a prime number?
True
Is 15235783 composite?
True
Is 5263313 a composite number?
True
Is 858817 prime?
True
Is 637229 prime?
True
Is 847589 composite?
False
Is 718004279 a composite number?
True
Is 189703047 a prime number?
False
Is 19947797 composite?
False
Is 183546619 a prime number?
False
Is 15166337 composite?
True
Is 8865289 prime?
True
Is 120026977 a composite number?
True
Is 7575121 a prime number?
False
Is 3487273 prime?
True
Is 13209907 composite?
True
Is 21033187 a prime number?
False
Is 52226311 a prime number?
True
Is 65177351 prime?
True
Is 94503371 composite?
False
Is 1870709 a prime number?
True
Is 1647239 a composite number?
True
Is 53503691 composite?
False
Is 47691559 composite?
False
Is 5991353 a prime number?
False
Is 113382223 composite?
False
Is 76631299 composite?
True
Is 133652261 a prime number?
True
Is 70567631 a prime number?
True
Is 10984418 composite?
True
Is 5411897 a prime number?
True
Is 1064754581 a prime number?
False
Is 4658749 a composite number?
True
Is 837887 a composite number?
False
Is 349759613 prime?
False
Is 79351 a prime number?
False
Is 21343873 prime?
False
Is 30176473 a composite number?
False
Is 102317 a prime number?
True
Is 10679321 prime?
True
Is 1627309 a prime number?
True
Is 18780829 composite?
True
Is 282053 composite?
False
Is 3739399 prime?
False
Is 831469 composite?
True
Is 44753318 composite?
True
Is 3212331 a prime number?
False
Is 1642369 prime?
False
Is 134121733 a prime number?
True
Is 16147 a prime number?
False
Is 184579831 prime?
True
Is 240297797 prime?
False
Is 3054369 a prime number?
False
Is 19171693 a composite number?
True
Is 43962745 prime?
False
Is 3000307 composite?
True
Is 219448381 a composite number?
True
Is 203072821 prime?
False
Is 24921203 a composite number?
False
Is 120579265 a composite number?
True
Is 51642529 prime?
True
Is 2108597 composite?
False
Is 299237867 prime?
True
Is 19193623 a prime number?
True
Is 8192779 composite?
True
Is 574083943 a prime number?
True
Is 20592167 a composite number?
False
Is 3114277 composite?
False
Is 1330031 prime?
True
Is 40123507 a prime number?
True
Is 5522795 composite?
True
Is 130369169 a prime number?
False
Is 2450491 prime?
True
Is 724301 composite?
True
Is 273490829 prime?
True
Is 4829887 prime?
False
Is 75414817 a composite number?
False
Is 42700781 a prime number?
True
Is 350503015 a composite number?
True
Is 210959621 a prime number?
False
Is 659591 composite?
False
Is 23831729 a composite number?
False
Is 51721387 a composite number?
True
Is 36028393 prime?
False
Is 99901651 composite?
False
Is 560853913 a composite number?
True
Is 1688859899 prime?
True
Is 59003083 a composite number?
True
Is 156299593 prime?
True
Is 55895627 a composite number?
False
Is 45934259 prime?
False
Is 981532861 a prime number?
True
Is 506591 a prime number?
True
Is 10528211 a composite number?
False
Is 10194169 a composite number?
True
Is 28887 prime?
False
Is 100922483 a composite number?
True
Is 2948291 a prime number?
False
Is 168229063 a prime number?
True
Is 196011289 a composite number?
False
Is 28031039 a composite number?
False
Is 9750737 composite?
False
Is 292052627 a prime number?
False
Is 1565807 prime?
True
Is 19688447 composite?
True
Is 27429833 a prime number?
False
Is 23124449 prime?
True
Is 1979891 prime?
True
Is 215617463 a prime number?
False
Is 31272983 composite?
True
Is 11877103 a prime number?
False
Is 20087381 a composite number?
False
Is 7914157 a composite number?
True
Is 10735421 a composite number?
False
Is 21086201 a prime number?
True
Is 4132217 composite?
True
Is 17620907 a composite number?
False
Is 2879491 prime?
True
Is 428951 prime?
True
Is 24598169 a prime number?
False
Is 47636777 composite?
True
Is 18447661 a prime number?
True
Is 34549891 a prime number?
False
Is 108315427 a composite number?
True
Is 122860439 a composite number?
True
Is 16326041 a prime number?
True
Is 616883 a prime number?
False
Is 36139249 composite?
True
Is 2719333 composite?
True
Is 369672659 composite?
False
Is 7503943 a prime number?
False
Is 3851299 a prime number?
False
Is 34410743 prime?
True
Is 11852345 composite?
True
Is 26537811 prime?
False
Is 77195623 prime?
False
Is 69127153 composite?
False
Is 5189141 a prime number?
True
Is 107671 composite?
False
Is 831937 prime?
False
Is 81694157 composite?
False
Is 48504691 prime?
True
Is 196607081 a prime number?
False
Is 32209699 a prime number?
True
Is 321359 a prime number?
True
Is 408039217 prime?
True
Is 7380059 a composite number?
False
Is 2048069 composite?
True
Is 59182603 composite?
False
Is 86970661 prime?
False
Is 116329 a prime number?
True
Is 79524769 composite?
False
Is 1911697 composite?
False
Is 910362457 prime?
True
Is 46414429 composite?
False
Is 11748929 a prime number?
False
Is 82898531 prime?
True
Is 191668111 prime?
False
Is 79609591 a composite number?
False
Is 656263 prime?
True
Is 5208487 prime?
False
Is 249655093 composite?
True
Is 19516405 a prime number?
False
Is 11839231 a prime number?
True
Is 26303 a prime number?
False
Is 44245681 a composite number?
False
Is 16504347 a composite number?
True
Is 9150493 a composite number?
True
Is 10237763 prime?
True
Is 3660829 prime?
False
Is 44355995 a composite number?
True
Is 7446667 composite?
True
Is 89244163 a composite number?
True
Is 11746151 prime?
True
Is 3600413 a composite number?
True
Is 306494 prime?
False
Is 655656619 a prime number?
True
Is 7035173 a composite number?
False
Is 84361127 prime?
True
Is 89667619 composite?
False
Is 14908951 a prime number?
True
Is 151802713 prime?
False
Is 5233469 a composite number?
False
Is 4677709 prime?
True
Is 1907731 composite?
True
Is 661649 composite?
True
Is 663437 a prime number?
True
Is 232481861 a composite number?
True
Is 18437542 prime?
False
Is 305179 a prime number?
False
Is 12758027 a composite number?
True
Is 150053 prime?
True
Is 331705421 prime?
False
Is 6644177 prime?
True
Is 358358789 prime?
False
Is 774071 composite?
False
Is 5631007 a prime number?
True
Is 34502801 prime?
False
Is 13051481 a prime number?
True
Is 154037203 a composite number?
False
Is 13008629 a composite number?
False
Is 86983021 a composite number?
True
Is 54883483 a prime number?
False
Is 135322937 a 